 = -2*z - u. What is the hundreds digit of z?
1
Suppose -5*l - 3*u - 3428 = 0, -5*l - 4*u = -0*u + 3424. Let h = -228 - l. What is the units digit of h?
0
Let a be 164/(5 + (4 - (-104)/(-12))). Suppose a = u - 167. What is the units digit of u?
9
Let o = 5829 - 2071. What is the thousands digit of o?
3
Let i = -192 - -60. Suppose 3*u = 5*y + 377, 166 = -3*y + u - 57. Let x = y - i. What is the tens digit of x?
5
Let p = 1002 - 601. Let a = p + -251. What is the tens digit of a?
5
Suppose -32 = -8*p + 4*p. What is the hundreds digit of p + (1393 - 8) - -6?
3
Suppose 99 = 13*z + 20*z. Suppose -z*i + 287 + 3031 = 0. What is the tens digit of i?
0
Let q(c) be the third derivative of -535*c**4/8 + 5*c**3/2 - 232*c**2. What is the tens digit of q(-1)?
2
Suppose -26*j + 24*j = -1802 - 5102. What is the thousands digit of j?
3
What is the thousands digit of -11 + -10 + 20 - -5580?
5
Let q(s) = 8*s**3 - s**2 - 2*s + 3. Let v be q(1). Let d be (8 - v)/(-1 + 0). What is the hundreds digit of (d + -1)*(-107)/(-1)*-1?
1
Let m = -3396 + 7554. What is the units digit of m?
8
Suppose -4*s - 8*r + 9*r = -1, -4*s + 5 = -5*r. Suppose 10393 = 19*u - s*u. What is the tens digit of u?
4
Let r = -11373 - -16219. What is the tens digit of r?
4
Suppose 5*y - 4*x = -0*x, 4*x = y. Let u(j) = 0*j + 2*j**3 + 17 - 2*j + y*j**3 - 20. What is the tens digit of u(3)?
4
Let o(a) be the first derivative of -7*a**2 - 76*a + 46. Let c(y) = y**2 - 23*y - 8. Let d be c(23). What is the tens digit of o(d)?
3
Let y = -323 - -327. Suppose t - 3*t = 3*n - 2605, 0 = -y*t + 5*n + 5155. What is the tens digit of t?
9
Suppose -5*r + 7 - 1 = -3*n, -3*r + 3*n + 6 = 0. Suppose -2*k + r*k - 4*g + 700 = 0, -4*k = -4*g - 1460. What is the tens digit of k?
6
Suppose -4*m + 5*a - 58 - 6 = 0, 5*a = -3*m - 83. Let p = 21 + m. Suppose p*k = 4*k - 20. What is the units digit of k?
5
Let x(g) = -8*g**2 - 1. Let q(n) = -9*n**2 - 1. Let j(z) = 2*q(z) - 3*x(z). Let u be j(-1). Suppose -123 = -u*s + 136. What is the units digit of s?
7
Suppose a = -5*v - 7, -5*v = 3*a + 2*a - 5. Suppose 0*q - 2*x = -a*q + 159, -q - x + 48 = 0. Let r = -29 + q. What is the tens digit of r?
2
Suppose 0*a - v = -5*a + 24, 0 = 5*a + 5*v. Suppose -a*i = -g + 49, 135 + 47 = 4*g - 2*i. What is the units digit of -14*14/4*g/(-35)?
3
Let u = -20196 - -21783. What is the tens digit of u?
8
Suppose 0 = 5*j - 31882 - 4073. What is the hundreds digit of j?
1
Let h(i) = i**2 - 10*i + 16. Let t be h(8). Suppose 2*q + q - 21 = t. Suppose -9*p + 72 = -q*p. What is the tens digit of p?
3
Suppose 28 = -20*i + 27*i. Suppose 2*g - 760 = -8*p + 6*p, 0 = -i*p + 2*g + 1544. What is the tens digit of p?
8
Let q(p) = 2223*p - 467. What is the tens digit of q(2)?
7
Let f(h) = h**3 - 11*h**2 + 23*h + 59. Let a be f(12). Let k = 807 + a. What is the thousands digit of k?
1
Let d(v) be the second derivative of v**5/20 + 4*v**4/3 + 2*v**3/3 + 14*v**2 - 36*v. What is the tens digit of d(-12)?
5
Let m(h) = -h**3 + 1. Let p(g) = -78*g**3 - g**2 + 3. Let o(y) = 3*m(y) - p(y). Let a be o(2). What is the units digit of (-3)/((-126)/(-12)) - a/(-7)?
6
Suppose 62*f - 584841 = 169513. What is the thousands digit of f?
2
Let w(y) = 6*y**2 + 4*y + 17. Let x be w(-5). Let q = x - -23. What is the units digit of q?
0
Let r(j) = j**3 - j**2 - j + 29. Let u be r(0). Let m = 23 + u. What is the units digit of 6/(-8) - (-3003)/m?
7
Let a = 66144 - 43038. What is the thousands digit of a?
3
Let w = 31864 + -12092. What is the hundreds digit of w?
7
Let q = 3536 + -3279. What is the units digit of q?
7
Let a be 1/(-7) + (-5490)/(-63). Let z = a + -84. What is the tens digit of (-90)/((-6*3/12)/z)?
8
Suppose -3*j + 6*j = 2*c + 562, -4*j = -c - 746. Let b = j - -822. What is the hundreds digit of b?
0
Suppose -5*k - 3*b + 8336 - 1544 = 0, -b = 2*k - 2717. What is the tens digit of k?
5
Let y = -835 - -5230. What is the hundreds digit of y?
3
Suppose -d - d + 3408 = -2*o, 3398 = 2*d + 3*o. Suppose 3*g = 5*l + d, -2*g = -8*l + 6*l - 1132. What is the hundreds digit of g?
5
Suppose 4*f + 1080 = f. Let q = -3887 + 3712. Let p = q - f. What is the hundreds digit of p?
1
Let n(t) = 9*t - 89. Let i(a) = 2*a. Let l(s) = i(s) + n(s). What is the hundreds digit of l(24)?
1
Let a(w) be the second derivative of w**5/20 + w**4/4 - w**3 + 213*w**2/2 - 130*w. What is the units digit of a(0)?
3
Suppose -40 + 20 = 4*s. Let v be (-1)/(-8)*30 + s/(-20). Suppose -j - n + 0*n + 115 = 0, 4*j - v*n = 428. What is the hundreds digit of j?
1
Let o = -11 - -17. Let z be 3*o/21*287. Suppose 0 = -4*y + 5*w + z, 5*w + 2 = 4*w. What is the tens digit of y?
5
What is the units digit of (-1272)/((204/16)/(-17))?
6
Let r be (-631 - -25)*(-10)/6. Let n = r + -313. What is the hundreds digit of n?
6
Let s(r) = r**3 + 2*r - 23*r - r**3 - 5*r**2 + r**3 - 5*r - 39. What is the tens digit of s(13)?
7
Let p(a) = a**2 + 5*a - 26. Let h be p(-7). Let b be (-122)/3*(h - -15). Let f = 257 + b. What is the hundreds digit of f?
1
Let p = 120 + -99. Let k = p - 18. Suppose 5*z + 95 = r, -k*r + 304 = r - z. What is the units digit of r?
5
What is the hundreds digit of (35/(-14) + 1)/(6/(-1408))?
3
Let o = -622 - -622. Suppose o = -n, n = p + 41 - 966. What is the hundreds digit of p?
9
Let u(s) = s - 3. Let l be u(6). Suppose l*c - 20 = 7. Suppose -3*t = -2*f - 2*f - 9, -3*t + 3*f + c = 0. What is the units digit of t?
3
Let y(p) = -2*p + 1 - 6 - p. Let r be y(-4). Suppose r*t - 185 = 116. What is the tens digit of t?
4
Let b = -26 - -28. Suppose -4*k + 35 = k - 5*j, -b*j = -5*k + 50. Let u(w) = w**2 - 7*w - 26. What is the tens digit of u(k)?
3
Suppose p + 1408 = 3*f, 2*p - 597 = -f - 130. Suppose 0 = -4*j + 3*z + 3121, 2*z + 2653 = 4*j - f. What is the units digit of j?
1
Suppose -21005 = -69*p + 28123. What is the units digit of p?
2
Suppose 5*s = -2*f + 495, 10*f = 14*f + 3*s - 997. Let r = -66 + f. What is the hundreds digit of r?
1
Suppose 4*q - 99 = m - 37, 5*m - 5*q + 250 = 0. Let l = 31 + m. Let r = 56 + l. What is the tens digit of r?
4
What is the ten thousands digit of 97/(1*24/30 + 1269/(-1605))?
1
Let f = 9134 - 5878. What is the units digit of f?
6
Suppose -4*w - 8*i - 1152 = -4*i, -4*i + 8 = 0. Let f = 457 + w. What is the tens digit of f?
6
What is the hundreds digit of (15/(-10))/((-2413803)/268198 + 8 + 1)?
1
Suppose 0 = -149*s + 147*s + 24. Suppose -s*d + 14*d + a - 1430 = 0, a = -4*d + 2860. What is the tens digit of d?
1
Let h(f) = 26*f - 45. Let p be h(5). Let b(d) = 4*d**2 + 5*d - 1. Let t be b(5). Let i = t - p. What is the units digit of i?
9
Let w be (4/(-6) + (-300)/(-45))/2. What is the hundreds digit of (-271)/(-2)*2*w?
8
Let m = 18 - 15. Let u(n) = 139*n**3 - 69*n**3 - 71*n**3 - 12 + m*n - 8*n**2. What is the units digit of u(-9)?
2
Suppose -n = -3*s + 386, -15 = 5*n - 5. Let i = s - -161. Suppose 4*x = -5*m + 453, 2*m + 2*x = -107 + i. What is the units digit of m?
9
Let j(b) be the second derivative of b**3/3 + 19*b**2 - 35*b. Let z be (-1)/4 + 3/12. What is the units digit of j(z)?
8
Suppose -66*q - 1808 = 160*q. Let b(z) = -5 - 14*z - 11 + 2. What is the tens digit of b(q)?
9
Suppose -d - 36*d = -7*d. Let f be (-1 + 8 - 0)/1. What is the tens digit of (d + 11)*49/f?
7
Suppose -27*n + 38 = -8*n. What is the hundreds digit of 945 + n - (1 - -1)?
9
Let b = 64 + -64. Let f(h) = -h**3 + h**2 - 2*h. Let k be f(b). What is the units digit of k - 4 - -5 - -20?
1
Suppose 3*p - 41*u - 24551 = -37*u, -5*p + 40944 = -3*u. What is the units digit of p?
3
Let v be 49/(-7) - -6 - (13 + -1). Let s be (-16)/(-104) + (-24)/v. Suppose -s*r + 285 - 57 = 0. What is the units digit of r?
4
Let b = -9638 - -17032. What is the hundreds digit of b?
3
Let a(k) = -9*k - 175. Let b be a(-20). What is the tens digit of (-116106)/(-185)*b/2?
6
Let a = 484 - 268. Suppose -j = -352 - a. What is the units digit of j?
8
Let p(d) = 402*d**2 + 64*d + 520. What is the ten thousands digit of p(-7)?
1
Let y(z) = z**2 - z + 599. Suppose -25 = 5*s, 3*s = 4*b - 0*s - 15. What is the hundreds digit of y(b)?
5
Let z = -177 - -3366. What is the hundreds digit of z?
1
Suppose l - 73324 = -3*u - 7442, -u - 197736 = -3*l. What is the hundreds digit of l?
9
Suppose 0 = 18*m - 19*m + 285. Suppose 0 = -16*b - m + 8253. What is the 